git of b?
1
Let k be (56/(-12))/(2/(-3)). Suppose 6*s = k*s - 35. What is the tens digit of s?
3
Let r = 26 - 18. Let m(q) = q**2 - 8*q + 4. Let k be m(r). Suppose 0 = 3*j + 2*n - 4, -28 + 0 = -3*j + k*n. What is the units digit of j?
4
Suppose -4*g = 5*b - g - 22, 5*g = 20. Suppose -f = -1, -2*d - b*f = -11 - 29. What is the tens digit of d?
1
Let x(q) = -6 + 0*q + 4 + 2*q - 4*q + 5*q**2. What is the tens digit of x(3)?
3
What is the units digit of (24/(-9))/(-4)*9?
6
Let f be -2 - (-3)/(3/4). Suppose -2*z = -8*z - 6. Let w = f - z. What is the units digit of w?
3
Suppose -38 = -2*j - 2*k - 8, k = -3*j + 53. Let s = 38 + -39. Let n = s + j. What is the tens digit of n?
1
Let o = 59 - 31. Suppose 5*z - o = 7. What is the units digit of z?
7
Suppose -4*x - 5*n + 92 = 0, -3*x + 4*x + 2 = 5*n. What is the units digit of x?
8
Suppose 4*b + 4*i = 504, b + 141 = 2*b + 4*i. What is the hundreds digit of b?
1
Let s(j) = 2*j + 12. What is the units digit of s(6)?
4
Suppose -4*d - 2*y + 42 = 0, 6 = 2*d - 0*y - 2*y. Suppose 0 = -z + 4*t - 11, 2*z = 4*z - 2*t - d. What is the units digit of ((-3)/(-2))/(z/48)?
8
Let s = 0 - 2. What is the tens digit of (-1 - s)*42 - 3?
3
Let u(p) = -6*p + 1. What is the units digit of u(-5)?
1
Let t(l) = -l**3 + 6*l**2. Let b be t(6). Suppose g - 11 = -2*s, -4*s + 7 = -b*s - g. Suppose -s*m = 2*m - 40. What is the units digit of m?
8
Let x be 912/32*2/3. Suppose -x*f + 72 = -16*f. What is the units digit of f?
4
Let d(s) = s**3 - 12*s**2 + 11. What is the units digit of d(12)?
1
Suppose 0 = -r - 4 - 1, 0 = -4*x + 3*r + 135. What is the units digit of x?
0
Suppose -6*j + 17*j = 2002. What is the tens digit of j?
8
Suppose 3*t + 12 = -2*s, -2*s + 9*t - 4*t + 20 = 0. Let y(u) = u**3 + 3*u**2 + 4. Let b be y(-3). Suppose 2*q = -s*q + b. What is the units digit of q?
2
Suppose -y - y = -46. Let u = -7 + y. What is the units digit of u?
6
Let u = -4 + 4. Suppose t + 0*t - 15 = u. What is the units digit of t?
5
Let m = 57 + -34. What is the units digit of m?
3
Let s = -11 - -8. Let z(y) = -2*y. What is the units digit of z(s)?
6
Let k = -28 + 41. What is the tens digit of k?
1
Let d(f) = -2*f + 66. What is the tens digit of d(8)?
5
Suppose -36 = -2*a - 12. Suppose 0*b = -3*b - a. What is the units digit of b/6*-3 + 0?
2
What is the tens digit of 2/(-3)*(-6 + -12)?
1
Suppose -3*i - 5*y = -7*i + 69, 43 = 3*i + 5*y. Suppose -5*k + k + 2*f + i = 0, 3*k - 3*f = 9. What is the units digit of k?
5
Suppose 8 + 51 = c. Let b = c - 19. What is the tens digit of b?
4
Let v(h) = 3*h**2 - 15*h + 32. What is the hundreds digit of v(9)?
1
Let j(l) = 4*l - 4. Let m be 2 + 0/(-1) - -1. Let v be j(m). Suppose 2*w - v = w. What is the units digit of w?
8
Let v be (-1 + 15)/2 + -1. Suppose -4*b - d + 102 = 0, -3*b - 79 = -v*b - 2*d. What is the units digit of b?
5
Suppose -2*x + 150 = 3*r + 2, 4*x - 276 = 4*r. What is the tens digit of x?
7
Let y be (-30)/(-9)*(-2 + 11). Let i be 12/y - 6/(-10). Suppose -2*b - i = -21. What is the tens digit of b?
1
Let i = -8 - -13. What is the units digit of (-40)/6*(-6)/i?
8
Suppose -s - 4 = -3*b, 0 = -5*s + 3*b - 0*b + 16. Suppose s*p + 4*o - 83 = 0, p - 3*o + 6*o = 21. What is the tens digit of p?
1
Let t = 12 + -3. Let h = t - -17. Suppose 16 + h = 3*b. What is the tens digit of b?
1
Let c(p) = -p**3 - 5*p**2 + 6*p - 4. Let l be c(-6). What is the units digit of 129/15 - l/10?
9
Let q(h) = 2*h**2 - 11*h + 13. What is the units digit of q(6)?
9
Suppose -4*d = -0*j - 2*j - 2, 4*j + 10 = 2*d. What is the units digit of 29/((-1 - -3) + d)?
9
Let s(c) = -2*c + 6. Let z be s(7). Let o = -5 - z. What is the units digit of (4 - o)*1*8?
8
Let w(y) = y**3 + 11*y**2 - 14*y - 1. What is the units digit of w(-12)?
3
What is the units digit of 2/(-7) + (4 - 3545/(-35))?
5
Suppose 0 = -5*g - 0*g + 40. Let h be -1*(1 - g) + -2. Suppose h*t = -0*t + 10. What is the units digit of t?
2
Let b = -5 - -9. Let u(y) = y + 5. Let o be u(-7). Let n = b + o. What is the units digit of n?
2
What is the units digit of 2/((-3)/((-4092)/8))?
1
What is the units digit of (3 - 1/2)*(-188)/(-5)?
4
Suppose -5*r + 31 + 24 = 0. Let f = r - -10. What is the units digit of f?
1
Let w(c) = -5*c + 4. Let m be (-4)/(-18) - 29/9. What is the units digit of w(m)?
9
Let o(d) = -d**3 + 9*d**2 - 2*d**3 - 2*d**3 + 4*d**3. Let n be o(9). Suppose -2*i - 3*l + 21 = n, 2*i - 38 = i + 4*l. What is the units digit of i?
8
Let w = -175 - -352. What is the hundreds digit of w?
1
Let y = 9 - 7. Let a = 4 - y. Suppose 11 = a*x - 11. What is the units digit of x?
1
Let d = 10 - 7. Suppose 0 = -d*q + 24. Suppose q*o - 8 = 4*o. What is the units digit of o?
2
Suppose z + 4*z = 330. What is the units digit of 3/4 + z/8?
9
Suppose 0 = 2*a + a + 2*x - 5, 0 = -2*a - 3*x. Suppose -a*c - 25 = -133. Suppose -m - c = -4*m. What is the units digit of m?
2
Let k be -1 + 1 + (-2 - 32). What is the tens digit of (-2)/6 + k/(-3)?
1
Suppose 91*a - 485 = 86*a. What is the units digit of a?
7
Let y = 9 + -1. Let m = y - 4. What is the units digit of m - (1 - 2) - -1?
6
Let n(m) = 5 + 1 - 10*m - 8*m**2 + m**3 + 2*m + 0*m**2. What is the units digit of n(9)?
5
Suppose -86 = -n - 4*w, 2*w + 2*w = -5*n + 366. What is the units digit of n?
0
Let g = 11 - 7. Suppose -g*l = -6*l + 58. What is the tens digit of l?
2
Suppose -147 - 231 = -7*g. What is the tens digit of g?
5
Let q be (92/(-10))/(3/15). Let v = 5 - q. Suppose 2*f - 47 = -5*z - 8, 5*z = 2*f + v. What is the units digit of z?
9
Let m = 505 - 302. What is the hundreds digit of m?
2
Let r = -7 - 0. Let o(k) = -4*k - 2. Let g be o(4). Let s = r - g. What is the units digit of s?
1
Let f be 0 + (2 - (0 - 0)). Suppose f*t - 50 = -22. What is the tens digit of t?
1
Let v(r) = -r**3 + 6*r**2 + 1. What is the units digit of v(6)?
1
Suppose g - 2 = -6. Let c be (2 + -1)*(g - 9). What is the units digit of c/(-3) - 3/9?
4
Let p = -62 + 131. What is the tens digit of p?
6
Let v(w) = 4*w**2 + 6*w - 3*w**2 + 0*w**2 - 2*w**2. What is the units digit of v(5)?
5
Let v(a) = 3*a + 2*a - a + 0*a + 7. Let j be v(-6). What is the units digit of j/(-4) - (-4)/(-16)?
4
Let u(l) be the first derivative of -l**3/3 + l**2/2 + 4*l - 4. Let z be u(-4). Let t = -2 - z. What is the tens digit of t?
1
Let h(w) = w**3 + 8*w**2 - 9*w - 10. Let y be h(-9). What is the units digit of (y/4)/(13/(-234))?
5
Suppose 35 = 3*w + 107. What is the units digit of 460/24 - (-4)/w?
9
Let y(b) = -b**3 + 6*b**2 + 7*b - 13. What is the units digit of y(6)?
9
Let v = 16 - 8. What is the units digit of v/36 + (-124)/(-9)?
4
Suppose l - 7 = -1. Let v be (-3 - 2/l)*3. What is the units digit of v/(-25) - (-36)/10?
4
Suppose -5*t + j = -241, -j + 4 = -5*j. What is the units digit of t?
8
Let i(z) = 14*z**3 - 6*z**2 - 5*z + 5. Let n(k) = -29*k**3 + 13*k**2 + 11*k - 11. Let r(p) = 13*i(p) + 6*n(p). What is the units digit of r(1)?
8
Let n = -26 + 46. What is the units digit of ((-12)/10)/((-6)/n)?
4
Let s(f) = 22*f. Let r be s(1). Let j = -1 + r. What is the tens digit of j?
2
Suppose -2*p = 3*p - 5. Suppose -p - 2 = -v. What is the units digit of v?
3
Suppose -z + 4*p = -49, 4*p - 281 = -4*z + 3*p. Suppose 5*y + 3*u = 114, -5*u - z = y - 5*y. What is the tens digit of y?
2
Suppose -5*z = 2*g - 3, 2 - 9 = -2*z + 5*g. Let q be 1/((-1 + 0)/z). What is the tens digit of q + ((-22)/(-1) - 3)?
1
Let v(m) = -6*m - 1. Let s be v(-1). Suppose 0 = -4*z, -5*p = -p + s*z - 184. Let d = -32 + p. What is the units digit of d?
4
What is the units digit of (1305/135)/(16/15 + -1)?
5
Let d = 5 + -20. Let b = -6 - d. What is the units digit of ((-30)/b)/(4/(-6))?
5
Let g be -1*(-1)/(-2)*8. Let r(o) = o**2 - o + 4. What is the tens digit of r(g)?
2
Let y(q) be the first derivative of -13*q**2/2 - q + 2. Let x be y(1). Let a = 22 + x. What is the units digit of a?
8
Let s(x) = x + 12. Let v be (-3 - -4) + 12 - 4. What is the tens digit of s(v)?
2
Let w = -8 + 32. What is the tens digit of w?
2
What is the tens digit of (3/(-9))/((-3)/117)?
1
What is the units digit of 75/6*88/10?
0
Let g = 158 + -91. What is the tens digit of g?
6
Suppose -20*x - 12 = -24*x. What is the units digit of x?
3
Let f = -73 + 41. Let y = f - -61. What is the tens digit of y?
2
Suppose 4*b + 14 = -2*f - 2, 0 = 2*f - b - 